est common factor of r and 270?
10
Let k = 17459 - -50389. Calculate the greatest common divisor of k and 264.
264
Let q = -5 + 19. Let t(f) = -12 - 17*f - 15 + 4. Let w be t(-3). What is the greatest common factor of q and w?
14
Let j be 19/(95/2340)*((-91)/14 - -9). Calculate the highest common factor of 5616 and j.
234
Let q(t) = -2*t**3 - 33*t**2 - 5*t - 1. Let x be q(-17). What is the highest common divisor of 1 and x?
1
Let x = 58 + -39. Suppose x*h = 22*h - 594. Suppose 2*v = 2*n - 50, v = -3*n - 2*n + 107. Calculate the greatest common divisor of n and h.
22
Let s = 743 + -764. Let l be (-84)/(-18)*(1 + (-51)/s). What is the highest common divisor of l and 112?
16
Suppose 10*i + 499499 + 165997 = 89*i. What is the highest common divisor of 104 and i?
104
Suppose p + 0 = 2, -2*d = -2*p - 26. Let v = 12927 + -12919. Suppose -67 = -d*r + v. What is the greatest common factor of 35 and r?
5
Let u be ((-2)/(-3))/((-2)/(-57)). Let k = -124 + 139. Suppose -56 = -u*i + k*i. What is the greatest common divisor of 4 and i?
2
Suppose -5*t - 143 = 4*d, 7*t = 4*t + 4*d - 73. Let z(o) = -2*o**3 - 53*o**2 + 27*o + 50. Let q be z(t). Calculate the greatest common divisor of q and 30.
10
Let n(w) = -w**2 + 3*w + 9. Suppose -12 = -5*c + 2*c. Let t be n(c). Suppose -t*l = -231 + 51. Calculate the highest common divisor of l and 24.
12
Suppose 70*b = 69*b + 4. Suppose 4*c = -17 + 5, 147 = b*t - 5*c. Calculate the highest common divisor of t and 297.
33
Let x(n) = 5*n + 115. Let f be (-1)/((-2)/(-10) - 6/55). Let p be x(f). What is the greatest common factor of p and 24?
12
Let a(w) = -w**3 - 5*w**2 - 7*w - 1. Let x be a(-3). Suppose -y = -x*y + 14. Suppose 0 = -2*i + y + 2. What is the highest common divisor of 8 and i?
8
Let m(r) = -3*r + 5. Suppose -3 = 5*u + 12. Let g be m(u). What is the greatest common factor of g and 126?
14
Suppose 64 = 45*m - 41*m. Suppose m - 141 = -5*s. Suppose r - 500 = -4*a, 3*a - 31*r = -32*r + 375. What is the highest common divisor of a and s?
25
Let o be 14/35*10*2. Suppose 4*q - 5*s - 360 = 0, 0 = -5*q + s + 3*s + 459. Suppose -u - 7 + q = 0. What is the greatest common divisor of u and o?
8
Suppose 4*u + 22 - 34 = 0. Calculate the greatest common divisor of 3051 and u.
3
Suppose -42*z - 38700 = -57*z. Calculate the highest common divisor of 344 and z.
172
Suppose -44*o - 71*o + 345 = -92*o. Let m be -1*(1 + -12) - 2. What is the greatest common divisor of m and o?
3
Let t(v) = -26*v - 1246. Let i be t(-48). Calculate the highest common divisor of 1082 and i.
2
Let k(d) = -55*d - 1. Let n be k(-3). Let t = -138 + n. Calculate the highest common factor of t and 208.
26
Let r = -7901 + 8673. What is the highest common factor of r and 32?
4
Let f be (-49660)/(-78)*(2 + (-2)/4). Let g = -899 + f. What is the highest common factor of 104 and g?
8
Suppose -23*k - 385 = -500. Calculate the greatest common divisor of k and 68.
1
Let f(w) = -w**3 + 4*w**2 + 11*w + 2. Let p be f(5). Suppose p = -46*k + 47*k. Suppose 31*m = k*m - 4. What is the greatest common factor of 2 and m?
2
Let c be (-1834)/(-91) - 2/13. Let f be 5*(4 + (5 - 172/c)). Suppose 51 = 2*x + 7. Calculate the greatest common divisor of f and x.
2
Suppose 354*z - 320 = 349*z. Suppose 0 = -3*a + m - 3*m + 32, 0 = -3*m + 12. Calculate the greatest common divisor of a and z.
8
Let b = -407 + 412. Suppose 9*s - 6*s = -5*z + 1215, s - b*z - 385 = 0. What is the highest common divisor of 10 and s?
10
Let p = 3103 + -3023. Calculate the greatest common factor of 370 and p.
10
Let j(z) = 9*z + 318. Let x be j(-32). Calculate the greatest common factor of 2445 and x.
15
Suppose 5*x - 215 = 3*q, -q + 4*x = -x + 65. Let d be q/(1*(3 - 2)). Let l = d + 81. Calculate the highest common factor of 6 and l.
6
Let v(m) = 4*m**2 - 8*m + 24. Let i be v(9). Suppose 10*a - 13*a = -i. Suppose 5*j = 504 + 646. Calculate the highest common divisor of a and j.
46
Suppose -3*j + 3 = 541*l - 546*l, 2*l = -4*j + 30. Calculate the greatest common factor of l and 2271.
3
Suppose -73*o = -71*o - 20. Suppose -2 = r, -r = -a - 0*a + o. What is the highest common divisor of 16 and a?
8
Suppose -2560 = 78*d - 118*d. Calculate the greatest common factor of 152 and d.
8
Let o = -81 - -89. Suppose -o*n + 25*n = 119. What is the highest common divisor of n and 49?
7
Suppose -9*h + h - 25280 = 0. Let k be 6/(h/(-1568) + (-3 - -1)). Suppose 128 = 5*x - k. Calculate the greatest common factor of x and 13.
13
Let h(d) = -d**3 + 2*d**2 + 54*d - 15. Let r be h(8). Let y be 1318/10 + 4/20. What is the greatest common divisor of r and y?
33
Let t(j) = -18*j + 1519. Let o be t(-28). What is the highest common divisor of o and 51?
17
Suppose 0 = -d - 5*a + 297, 891 = 3*d - 4*a + 6*a. What is the greatest common divisor of d and 429?
33
Suppose 127*z + 2070869 = -294*z + 7902140. Calculate the highest common divisor of 171 and z.
171
Suppose -u + 4618 = -4667. Calculate the highest common factor of 15 and u.
15
Suppose 2*m = -h + 1675 - 1535, -m - 4*h = -56. Calculate the highest common divisor of m and 88.
8
Let r(w) = -w**3 - 6*w**2 + 15*w - 6. Let m be r(-8). Suppose -m*c = -4*c + 20. Suppose 9*j - 4*j = c. What is the greatest common factor of j and 8?
2
Suppose -28*g - 9*g - 299 = -5923. What is the greatest common divisor of 152 and g?
152
Suppose 0 = -5*k - 5*g + 75, -5*k - g + 57 = -2*g. Let r(a) = -a**2 - 31*a - 232. Let i be r(-13). What is the greatest common divisor of k and i?
2
Let r(a) = a**3 - 26*a**2 + 35*a - 142. Let m be r(23). Let x be (-11 + 2)/(63/m). Calculate the highest common factor of 84 and x.
12
Suppose 54*j + 36*j + 5802 - 40722 = 0. What is the greatest common divisor of 4171 and j?
97
Suppose -4*s - o + 8230 = 0, -114*o + 110*o - 2032 = -s. Calculate the highest common divisor of 16 and s.
8
Let b = 682 - 679. Suppose -14 = -y - 2*a, y + b*y - 3*a = 34. Suppose 10 = 2*m - 70. What is the greatest common divisor of y and m?
10
Suppose -2 = 2*r, 5*s + 2*r = -r + 37. Suppose -o + 2*d + 17 = 0, s = 4*o - 0*d + 4*d. What is the highest common divisor of 56 and o?
7
Let i be (-1972)/11*726/(-132). Calculate the highest common divisor of i and 58.
58
Let c = -22 - -25. Suppose 3*w - 21 = -2*k, -16 - 11 = -2*k + c*w. Calculate the greatest common divisor of 45 and k.
3
Let r be (-96)/44 - 8/(-44). Let w be (146 - 15)/(-1 - r). Let b = w - 65. What is the highest common divisor of 12 and b?
6
Suppose -29*l + 2070 = 121*l - 12*l. What is the highest common divisor of 1070 and l?
5
Suppose 46 = 5*f - 84. Let g = f + 49. Suppose g*d - 80*d = -120. Calculate the highest common factor of 192 and d.
24
Let c = -2681 - -3248. What is the greatest common factor of c and 7?
7
Let n be (14/35 + -2)/(1/(-75)). Suppose 3*u - 3*o - 43 = -7, 2*o = 3*u - 39. What is the greatest common divisor of u and n?
15
Let o(a) = 8*a - 18. Let l(m) = -m - 1. Let f(v) = -3*l(v) + o(v). Let k be f(16). Calculate the highest common divisor of 23 and k.
23
Suppose -25*r + 9*r = 44*r - 1440. Calculate the greatest common factor of r and 26916.
12
Suppose 5*t - 30 = 2*t. Let l be 218/763 + (-11166)/(-70) + (-1)/(-5). What is the greatest common divisor of t and l?
10
Suppose -r = -12*u + 7*u + 1853, 1849 = 5*u - 3*r. What is the greatest common factor of 636 and u?
53
Suppose 47551 - 5239 = 164*k. What is the highest common factor of 144 and k?
6
Suppose -4*z - 64 = -4*s, 2*z = -3*s + 20 + 3. What is the greatest common factor of s and 15037?
11
Let f(x) = -5*x - 13. Let c(b) = 12*b + 40. Let v(g) = 3*c(g) + 10*f(g). Let d be v(-11). What is the greatest common factor of d and 16?
16
Let a = -587 + 939. Let c be (-16)/8*1047/6. Let h = -317 - c. Calculate the highest common divisor of a and h.
32
Let l(d) = 3*d**2 + 8*d - 17. Let i be l(-7). Let k = -110 + i. Let p = 77 + k. What is the greatest common divisor of p and 164?
41
Let l(g) = 119*g**3 + 14*g**2 - 30*g - 26. Let t be l(3). What is the greatest common divisor of 11 and t?
11
Suppose -100*j = -104*j - 120. Let n(p) = -14*p - 35. Let r be n(j). What is the highest common factor of r and 70?
35
Let u = 192 - 174. What is the highest common divisor of 99 and u?
9
Let y = -295 + 112. Let m = y + 209. Calculate the greatest common factor of 2 and m.
2
Let j = -4932 